*m + 16*m. What is the greatest common factor of v and u?
2
Suppose 28 = 2*j - 3*i - 69, -j + 49 = -i. What is the highest common factor of j and 4?
2
Let g = 311 - -126. What is the greatest common divisor of g and 19?
19
Let y be 2/7 - -2*(-2786)/(-49). What is the highest common factor of 19 and y?
19
Let j = 43 - 23. Suppose 10 = 10*z - j. What is the greatest common factor of z and 1?
1
Let z = 30 - 28. Let f be 3230/(-17)*z/(-4). Calculate the greatest common factor of f and 19.
19
Let t = 29 + 6. Suppose 99 = -81*m + 86*m - 3*x, 4*x = 4*m - 76. Calculate the highest common divisor of t and m.
7
Let a = -333 + 381. What is the highest common divisor of a and 112?
16
Let g = -9 - -117. What is the highest common factor of 60 and g?
12
Let w(m) = 14*m. Let f be w(1). Suppose 2*z = 5*u - 21, -f = 3*z - u - 3*u. Calculate the highest common divisor of z and 26.
2
Let k be (4 + (-25)/10)*2. Suppose k*x - 7 = -4. What is the highest common divisor of x and 7?
1
Suppose 5*k + 6*v = 11*v + 3835, -3*v = -5*k + 3835. Calculate the greatest common divisor of k and 13.
13
Let a(o) = 69*o + 621. Let i be a(0). Calculate the greatest common factor of i and 46.
23
Let f(v) = 33*v**2 - 2*v + 2. Let x be f(2). Let t be 32/((-64)/8) - -9. Suppose t*s - 95 = x. What is the greatest common divisor of s and 15?
15
Suppose -o - 2*o = 5*i - 215, -5*o - 15 = -i. What is the greatest common factor of 100 and i?
20
Let s be 3/(4/(-20)*8/(-16)). Let j = -21 + 36. Calculate the highest common divisor of s and j.
15
Suppose 2*t + 0*t - 18 = 0. Suppose -12*q - 63 = -603. Calculate the highest common factor of q and t.
9
Suppose 0 = -4*r + m - 0*m + 822, r = -3*m + 199. Calculate the highest common factor of r and 123.
41
Let g be 66*3/((-42)/(-7)). Calculate the highest common divisor of g and 132.
33
Suppose -250*b + 251*b - 14 = 0. Calculate the highest common divisor of b and 1134.
14
Suppose -3*a = 3, -5*f + 3*a = 7*a - 236. What is the highest common divisor of f and 168?
24
Suppose 16*u = -5*u + 3654. Calculate the greatest common divisor of u and 58.
58
Suppose 98*d + 30 = 113*d. Suppose 2*c - 5*o - 245 = -3*c, -2*c + 128 = 4*o. What is the greatest common factor of c and d?
2
Let a = -904 - -936. Suppose p - 2*p + 12 = -4*q, -2*p - 5*q = -37. Calculate the highest common factor of p and a.
16
Let g = -9 + 29. Let m be 17/51 - 11/(-3). Suppose -m*v = -4*z + 40, -5*z + 2*v + 0*v + 44 = 0. What is the greatest common factor of g and z?
4
Let l(t) be the first derivative of -t**4/4 - 13*t**3/3 + 9*t**2 + 9*t + 9. Let m be l(-15). Calculate the greatest common factor of 21 and m.
21
Let c(h) = -2*h**3 - 4*h**2 - 3. Let l be c(-3). Suppose 0 = -2*s + l + 7. Calculate the greatest common factor of 11 and s.
11
Let j be (7200/(-420))/(1/(-14)). What is the greatest common factor of 165 and j?
15
Let x(k) = -4*k**2 - 4*k - 5. Let q be x(-7). Let l = -162 - q. Calculate the greatest common divisor of 99 and l.
11
Let p be 24/40 - 1819/(-85). What is the greatest common factor of p and 902?
22
Suppose 34*t - 5*t - 377 = 0. What is the highest common factor of 1313 and t?
13
Let t be (7/((-35)/6))/((-69)/12305). What is the highest common factor of 2 and t?
2
Let k = 409 + -310. Let s = 11 - 2. What is the highest common divisor of k and s?
9
Let s be (318/12)/(2/4). Let b be (2 + 0)*(s + -9). Let v be -1*(-4)/(-10)*-20. What is the highest common factor of v and b?
8
Suppose -45 = -3*z - 3*b, z - 6*z - 3*b + 85 = 0. What is the highest common divisor of z and 160?
20
Let b(m) = -m**3 + 5*m**2 - 5*m + 2. Let q be b(3). Suppose -3*d + 11 = -o - 7*d, -3*o + 18 = -q*d. Calculate the highest common factor of 4 and o.
1
Let q = 9 + -4. Suppose w = 2*m + 18, -q*w - 4*m + 9*m = -65. Let o = 18 - w. What is the highest common factor of 25 and o?
5
Let u be 79/4 + (-9)/12. Suppose u*g + 198 = 25*g. Calculate the highest common factor of 44 and g.
11
Let k be (3*(-4)/(-9))/(4/6). Let m be (-84)/(-45) + (-7)/((-105)/k). What is the highest common divisor of 14 and m?
2
Suppose -4*l = 12 - 48. Suppose 0*g + g + 2 = h, -4*g = -h - 7. Calculate the highest common factor of l and g.
3
Let h(t) = t**3 + 5*t**2 - 4*t - 6. Let g be h(-5). Let j be 3/(-7) - -1*20/g. Calculate the highest common factor of 9 and j.
1
Let x(t) = 2*t + 74. Suppose 5*l + 5*b = 5, 5*l - 2 = -2*b - 0*b. Let z be x(l). What is the highest common divisor of z and 37?
37
Let x be (-3 - (-114)/9)*6. Let a = x + 27. Calculate the greatest common divisor of a and 17.
17
Suppose -4*n - 10 = -3*d - 9*n, n = -5*d + 2. Let a = 1 - d. Let p(u) = 13*u**3 - u**2. Let t be p(a). What is the highest common factor of 132 and t?
12
Let v be (5 + 10/(-4))/(1/12). Calculate the greatest common factor of 345 and v.
15
Let h(q) = q**3 - 8*q**2 + 14*q - 20. Let m be h(8). Calculate the greatest common factor of m and 23.
23
Suppose -2*c = -9*q + 7*q + 250, 3*q - 379 = -c. Calculate the highest common divisor of 105 and q.
21
Suppose -44 - 154 = -18*j. Let h = -1 + -1. Let f be h/4*(-22 + 0). What is the highest common factor of j and f?
11
Let y be (-564)/8*(-2)/3. Let d = y - 21. Let t be 2*d + -3 + 0. What is the greatest common divisor of t and 7?
7
Let o be 8 - (-158)/(-4)*-2. What is the highest common divisor of 116 and o?
29
Let k(j) = j + 13. Let z be k(7). Let v be 544/z + (-1)/5. Suppose -t + 2*w + 106 = 0, -5*w - 410 = -5*t + 125. Calculate the greatest common factor of t and v.
27
Suppose -7*r + 233 = -3*t - 5*r, -r + 79 = -t. Let q be (t/10)/(6/(-12)). What is the greatest common divisor of q and 75?
15
Suppose 0 = d - 1, 0 = 6*a - 2*a - 5*d - 83. Calculate the greatest common factor of a and 550.
22
Suppose -10260 = 58*u - 70*u. Calculate the greatest common divisor of 45 and u.
45
Suppose -v + 4*c - 305 = -2*v, 3*v - 2*c = 887. Let r be 6/(-4)*-4 - 0. Suppose r*z - 3*z = 81. Calculate the highest common factor of v and z.
27
Let l(y) = -y**2 - 14*y + 3. Let f be l(4). Let x = 164 + f. Calculate the highest common divisor of x and 38.
19
Suppose -8*l - 711 = -807. Calculate the highest common divisor of l and 48.
12
Let x = 1527 - 1241. What is the greatest common divisor of x and 22?
22
Suppose 2*n - 86 - 138 = 0. What is the greatest common factor of 1456 and n?
112
Let x(u) = -62*u - 13. Let m be x(-1). Let l(q) = -7*q. Let h be l(-1). Calculate the highest common divisor of h and m.
7
Suppose -4*o + 2*r = -238, 3*r = 3*o - 193 + 16. Let n be 6/4 - 30/o. Let b = 2 - -2. Calculate the greatest common factor of b and n.
1
Let z = -30 + 44. What is the highest common divisor of 2 and z?
2
Suppose -2*t + 3 = -t. Let s be ((-2)/t)/((-2)/(-3)). Let h be (3 - s) + -3 - -11. What is the greatest common divisor of 96 and h?
12
Suppose 5*l + r - 15 = 0, -8 + 2 = -2*l + 2*r. Let q be (9 - l)/(2*-1). Let y be (-6)/(-4)*(-80)/q. What is the highest common factor of 5 and y?
5
Let g(y) = 21*y + 9. Let t be g(-2). Let m = t - -43. Calculate the greatest common factor of m and 10.
10
Let v(p) = -13*p - 1. Let b be v(-1). Suppose t - 2*f - 32 = 0, -4*t = -f - 44 - 98. What is the highest common divisor of t and b?
12
Let r = 58 - 81. Let y be r*3*(2 + -3). Suppose -6*v + 7*v = y. Calculate the greatest common divisor of 46 and v.
23
Suppose 2*v = -4*p + 796, -20*p + 17*p - 4*v + 602 = 0. Calculate the highest common factor of 18 and p.
18
Suppose 7*u - 52 = -31. Suppose l = 25 + 3. Let i be (-3)/((-6)/l) + -2. What is the greatest common factor of i and u?
3
Suppose -1413 + 1469 = 4*c. What is the highest common divisor of 483 and c?
7
Let t be (895 - 9 - -17) + 3*-1. What is the highest common factor of t and 90?
90
Suppose 0*r - 3 = -3*r, 0 = 3*h - 4*r + 169. Let i = 67 + h. What is the greatest common divisor of 36 and i?
12
Let b = 31 + 347. Calculate the greatest common divisor of 162 and b.
54
Suppose 4*a - 180 = -p, -a + 134 = 2*a + p. Suppose 2*q - 38 = -c, 0*q = -2*q - 5*c + a. Let m = 21 - 15. What is the highest common factor of m and q?
6
Suppose 4*s = -2*a + 124, -3*a + 6*s + 268 = 22. Let k = -41 + 65. What is the highest common divisor of a and k?
24
Suppose 800 = 9*a + 593. What is the highest common factor of 4 and a?
1
Let r = 207 + -122. Let g be (38/(-4) - -1)*-4. Calculate the highest common factor of r and g